w**2 - 4*w - 1. Let q be y(-5). What is the tens digit of (-1040)/n + (-2)/q?
3
Suppose 19*v = 33*v - 2576. What is the tens digit of ((-49)/2)/((-4)/v)?
2
Let o = -1420 + 2041. Suppose 4*g + 57 = 2*x - o, -3*g = 0. What is the tens digit of x?
3
Let h(t) = 78*t**2 - 2*t**3 - 176*t**2 + 84*t**2 + 38 - 16*t. What is the hundreds digit of h(-11)?
1
Suppose -32*y + 1176901 = -65755. What is the hundreds digit of y?
8
Suppose -101929 = -10*j + 174381. What is the tens digit of j?
3
Let w(c) = 27*c + 57. Let p be w(-2). Suppose -5*r - 2*s = -1270, -p*s - 762 = -3*r - 7*s. What is the hundreds digit of r?
2
Let i(j) = -3*j**2 + j + 422. Let g be i(0). Let z = g - 164. Let v = -19 + z. What is the tens digit of v?
3
Suppose 0 = -3*p + 47 - 32, -3*u - p + 1115 = 0. Suppose s = -3*q + u, 2*s - 746 = -6*q + 3*q. What is the units digit of s?
6
Suppose 3*o + 25 = -752. Suppose 0 = 135*l + 37711 + 16696 + 1618. Let u = o - l. What is the hundreds digit of u?
1
Let h(r) = r**3 - 23*r**2 + 52*r - 28. Let o be h(19). Let z = o + 852. What is the units digit of z?
8
Suppose -34 + 14 = -4*s. What is the units digit of 6/s + 74452/140?
3
Let q = -66659 + 135349. What is the units digit of q?
0
Let y = 165 - 173. What is the hundreds digit of (-3)/(y - -5)*307?
3
What is the thousands digit of ((-83430)/(-8) + 2)/(290/1160)?
1
Suppose -4*c + 928 = 3*d, 3*d - c + 655 - 1608 = 0. What is the units digit of d?
6
What is the tens digit of 1/(2/70)*(-91)/(16380/(-216))?
4
Suppose 4*m = -t + 25236, -85856 = -5*t - 4*m + 40356. What is the units digit of t?
4
What is the hundreds digit of (16 - (-1185)/(-75)) + (-1285191)/(-45)?
5
Suppose -1470 = -4*h - m + 187, 0 = 2*h + 5*m - 833. Suppose 4*x + h = -2*x. Let s = 126 + x. What is the units digit of s?
7
Let c be 4/(64/11412) + 4/(-16). Let a = c + -424. What is the hundreds digit of a?
2
Let p(v) = 2*v**2 + 3*v - 5. Let l be p(-3). Suppose -4*z + 607 = l*i + 139, 3*z + i - 355 = 0. What is the tens digit of z?
1
Let k = 316 + 341. Suppose 840 = 2*p + 3*p + 5*y, -4*p = -y - k. What is the tens digit of p?
6
Let h(u) = -3*u + 7. Let d(j) = 10*j - 20. Let x(y) = 5*d(y) + 14*h(y). Let n be x(3). Suppose -c + 102 = -n. What is the units digit of c?
4
Let z be 6 - (9 + -3 + -3). Suppose z*k + 2*k + 5 = 0, -3*u - 3*k = -618. What is the hundreds digit of u?
2
Let i(q) = q + 27. Let g be i(-12). Let m = g + 196. What is the hundreds digit of m?
2
Let f(y) = 24*y**2 + 53*y - 382. What is the hundreds digit of f(37)?
4
Suppose -9*b - 1912 = -5*b. Let z = 607 - b. What is the tens digit of z?
8
What is the ten thousands digit of ((-632)/(3 + -11) - -3)*(-1780)/(-4)?
3
Let j(c) = 58*c**2 - 70*c + 719. What is the tens digit of j(19)?
2
Suppose 59*f + p = 63*f - 161351, -4*p = 5*f - 201694. What is the hundreds digit of f?
3
Suppose -9*z - 40250 = 5*z. Let c = -1996 - z. What is the units digit of c?
9
Suppose -3*v + 4*f + 36388 = 0, 2*f + 36392 = 141*v - 138*v. What is the ten thousands digit of v?
1
Let z be (-260)/(-208)*(-1 - -85). Let d = 1349 + z. What is the thousands digit of d?
1
Let f be -79 + (-9)/(-15)*5. Let w = f + 76. Suppose w = y - 5*y + 84. What is the units digit of y?
1
Suppose -11*r = -41 - 3. Suppose -r*m = -8*m + 1048. Suppose -7*n = -74 - m. What is the units digit of n?
8
What is the hundreds digit of (-27)/(-12) + 21362/88 + -18?
2
Let l be (-7 - (-186)/30)/((-2)/(-125)). Let x = 55 + l. Let r(j) = j**3 + 4*j**2 - 9*j - 6. What is the hundreds digit of r(x)?
1
Let i be (-168)/(-35) + (-2)/(-10). Suppose -3*g = -2*h - 14, 2 = 2*g - i*h - 0. What is the tens digit of (g/(-5))/((-10)/900)?
0
Let s(p) be the second derivative of -p**5/20 + p**4/12 - 7*p**3/6 + 5*p**2/2 - 9*p. Suppose -3*n = -2 + 14. What is the units digit of s(n)?
3
Let b(i) = 7*i**3 - 27*i**2 + 88*i + 31. What is the hundreds digit of b(18)?
6
Suppose 17*g = 12*g - 5. Let x be (-12)/(g/((-2)/(-4))). Suppose 0 = -x*a + 69 + 87. What is the units digit of a?
6
Suppose -5 = -2*f + f. Suppose 0 = 2*x + f*x - 2338. Suppose -6*y + x = -20. What is the units digit of y?
9
Let j = -6227 - -10480. Suppose -4*r = -l + 738 + 127, -j = -5*l - 4*r. What is the hundreds digit of l?
8
Let a(d) = 10759*d - 1808. What is the units digit of a(8)?
4
Let r = 35 + 113. Let w = 171 + r. What is the tens digit of w?
1
Suppose -5*f = -17*f - 3*f + 91860. What is the hundreds digit of f?
1
Let w be (128/80)/(2/(-195)). Let d = 825 + w. What is the tens digit of d?
6
Let q(b) = 7*b**2 - b - 2. Let h be q(2). Let u(k) = 5*k**2 + 4*k - 58. Let t be u(0). What is the units digit of (t/8)/((-6)/h)?
9
Suppose -157 = d - 58. Let m = 106 + d. What is the units digit of 137 + (m + 8/(-2))*1?
0
Suppose -15*d - 96 = -141. Suppose 1330 = 3*r + g, 0*g + 1326 = d*r + 3*g. What is the units digit of r?
4
Let b be (22/(-3))/(1/3). Let w be (-104)/2*(-53 + 52). Let o = w + b. What is the tens digit of o?
3
Let j = -16281 + 23546. What is the units digit of j?
5
Let s(i) = 3*i**2 + 25*i + 9. Let n be s(-7). Let o(h) = -17*h - 112. What is the units digit of o(n)?
1
Let o be (-3)/4*37444/11. Let s be (1 - 1) + o/(-23). Let l = s + -43. What is the units digit of l?
8
Suppose -7*g = -3*g - 796. Suppose -g = 8*r + 233. What is the tens digit of (r + 1)*(24 - 25)?
5
Suppose -73*f - 12 = -75*f. What is the units digit of (2 - f) + (22 - (0 - -2))?
6
Let u be ((-10)/(-15) - -2)*12/8. Let p be 4/10 - (-2946)/10. Suppose -6*q + u*n + 388 = -2*q, -3*q + p = -4*n. What is the units digit of q?
3
Suppose 105*h = -65*h + 95*h + 3275700. What is the hundreds digit of h?
6
Let z(b) = -851*b - 589. What is the ten thousands digit of z(-44)?
3
Suppose -m = -5*q - 6, 2*q = -4*m + 5*q + 7. What is the hundreds digit of (-6)/((-96)/9170) - m/8?
5
Suppose -326*b - 190*b + 31182536 = -70*b. What is the tens digit of b?
1
What is the thousands digit of 72/(-96) + -47*18565/(-20)?
3
Suppose -8*a - 29250 = -5*a - 9*a. What is the units digit of a?
5
Suppose 6 = -b - b, b = 5*t - 2813. Suppose 4*w - 2263 = -5*j + t, 0 = j - 1. What is the hundreds digit of w?
7
Suppose -37*r + 42*r = -185. Suppose -3*z + 0*z = -5*x - 299, -2*z + 174 = 3*x. Let p = r + z. What is the tens digit of p?
5
Suppose -r + 0 = -5. Suppose r*a - 26 + 6 = 0. Suppose 4*b + 9*z - a*z = 292, z - 74 = -b. What is the tens digit of b?
7
Suppose -3*o = -3*q - o + 40, q + 3*o = 6. Let z = q + -2. What is the units digit of 1/(z/(-55))*-16?
8
Let c(u) be the first derivative of 17*u**2/2 - 79*u - 49. What is the hundreds digit of c(12)?
1
Suppose 13*w - 15*w + 74 = -4*q, 0 = 2*q - 2*w + 38. Let a = q - -328. What is the tens digit of a?
1
Let o(k) = 9*k - 38. Let m be o(5). Let s = -6 + m. What is the tens digit of (-4235)/(-44) - s/(4 + 0)?
9
Suppose -n + 21 = -11. Suppose 5*t = t + 20, n = 4*y + 4*t. Suppose -y*r + 744 = 3*r. What is the tens digit of r?
2
Suppose 0 = 7*p - 3 - 32. Suppose 3*r - 6*r = p*a - 60, 0 = 3*r + a - 60. Suppose -3*n - n = -r, 0 = -4*t - 4*n + 120. What is the units digit of t?
5
Suppose 3*s - 2*s = 3*s. Suppose -3*d + h + 2*h + 1062 = s, 16 = 4*h. What is the hundreds digit of d?
3
Let b be 0 + (30*318 + 3)*1. Suppose 3 - b = -15*u. Suppose -u = -3*a + 75. What is the hundreds digit of a?
2
Suppose -3*i + 3*m + 12 = 0, 0 = 3*m + 6 + 3. Let u be (-2 + 3)/(i/(-36)). Let l = u - -51. What is the tens digit of l?
1
Suppose 725081 - 208509 = 37*x + 96*x. What is the units digit of x?
4
Let i = 72056 - 12300. What is the ten thousands digit of i?
5
Suppose -h + 653*b = 650*b - 67805, -h = -2*b - 67807. What is the thousands digit of h?
7
What is the tens digit of 429402/12 - (-2)/(-4)*1?
8
What is the tens digit of 1/6*2*3 - (-88 + -20613)?
0
Let l = -292 - -297. Suppose 4*x - 1302 = l*t, -2*x = 3*x + 3*t - 1609. What is the units digit of x?
3
Let c(s) = s**2 + 23*s + 50. Let d be c(-19). What is the tens digit of (-34)/(-221) - 5378/d?
0
Let p(l) = 13*l**2 + 40*l - 919. What is the thousands digit of p(-39)?
7
Let g(z) be the third derivative of z**5/60 + z**4/8 + 2*z**3/3 + 38*z**2. Let h be g(-2). Suppose n - 360 = -h*n. What is the hundreds digit of n?
1
Suppose -z = 2*u - 2572, -u - 5*z + 810 = -467. What is the thousands digit of u?
1
Let k = 2656 + -1288. What is the tens digit of k?
6
Let n(h) be the third 